t y(q) = q**3 - 10*q - 2. Calculate y(-5).
-77
Let h(f) = f**2 + f - 22. Calculate h(-5).
-2
Let r(c) = c**3 + 9*c**2 - 41*c - 79. What is r(-12)?
-19
Let d(j) = -j**2 + 13*j + 7274. Calculate d(92).
6
Let s(p) = -2*p**2 - 41*p - 205. Calculate s(-11).
4
Let u(s) = -s**3 + 73*s**2 + 12*s - 868. Calculate u(73).
8
Let l(u) = -7*u + 226. Calculate l(31).
9
Let x(w) = -788*w + 10260. Calculate x(13).
16
Let q(s) = -6*s**2 + 588*s - 30. What is q(98)?
-30
Let i(g) = 42*g**2 + 9*g + 3. What is i(-1)?
36
Let k(q) = 725*q + 3128. Determine k(-4).
228
Let d(a) = -a - 8. Determine d(1).
-9
Let j(o) = 5*o**2 + 132*o - 643. Give j(5).
142
Let m(j) = 3*j**2 - 63*j - 274. Determine m(24).
-58
Let u(v) = 2*v**2 + 22*v + 65. Give u(-12).
89
Let d(l) = -l**2 + 8*l + 162. Calculate d(-9).
9
Let b(u) = -u**3 - 9*u**2 - 10*u + 4. What is b(-6)?
-44
Let w(o) = -451*o - 5407. Calculate w(-12).
5
Let v(r) = -r**3 + 17*r**2 + 34*r + 32. Determine v(19).
-44
Let h(d) = -3*d**2 - 127*d - 1295. Determine h(-25).
5
Let v(n) = -46*n + 340. Give v(9).
-74
Let s(r) = 76*r - 2783. What is s(36)?
-47
Let n(j) = 48*j**2 + 666*j - 88. Determine n(-14).
-4
Let v(m) = -35*m - 200. Calculate v(-7).
45
Let d(y) = -145*y + 270. Determine d(2).
-20
Let g(a) = -39*a - 1571. What is g(-40)?
-11
Let h(l) = -133*l - 3636. Give h(-29).
221
Let c(v) = v**2 - 19*v + 70. Give c(6).
-8
Let h(b) = b**2 + 4*b - 8. What is h(5)?
37
Let f(k) = k**3 - 24*k**2 - 18*k - 182. Calculate f(25).
-7
Let n(a) = 2*a**2 + 54*a - 739. Give n(-36).
-91
Let q(k) = -5*k**2 - 160*k + 1559. What is q(9)?
-286
Let k(s) = s**3 - 11*s**2 + 8*s + 67. Give k(9).
-23
Let q(l) = l**2 - 20*l + 48. Give q(8).
-48
Let p(u) = u - 19. Determine p(-28).
-47
Let k(v) = -45*v + 279. What is k(6)?
9
Let k(d) = 147*d - 1184. Give k(8).
-8
Let i(l) = -l**3 - 90*l**2 - 4*l - 515. Give i(-90).
-155
Let o(x) = 601*x + 5987. Determine o(-10).
-23
Let h(r) = 66*r. Calculate h(0).
0
Let b(h) = -7*h**3 + 144*h**2 + 68*h - 34. What is b(21)?
71
Let s(b) = -2*b**3 - 36*b**2 - 8*b - 67. Give s(-18).
77
Let n(j) = 43*j**2 - 5*j - 4. Give n(-1).
44
Let v(t) = 16973*t - 101844. Determine v(6).
-6
Let k(r) = r**2 + 34*r + 253. Give k(-12).
-11
Let v(n) = -3*n**3 - 14*n**2 + 40*n + 138. Give v(-5).
-37
Let i(d) = 37*d - 582. What is i(16)?
10
Let p(b) = 4*b**2 - 34*b - 680. Determine p(18).
4
Let a(n) = -5*n**3 - 4*n**2 - 3*n - 9. What is a(-4)?
259
Let v(g) = 72*g**2 - 860*g + 7. What is v(12)?
55
Let d(a) = -5*a - 169. What is d(-34)?
1
Let v(o) = -1333*o - 2673. What is v(-2)?
-7
Let v(h) = 3*h**3 - 25*h**2 + 6*h + 5. Determine v(8).
-11
Let x(t) = t**2 - 1481*t - 95664. Determine x(-62).
2
Let v(l) = -73*l - 27. Calculate v(1).
-100
Let u(h) = -3243*h + 29192. Give u(9).
5
Let n(k) = 49*k**2 - 21*k - 69. Determine n(-3).
435
Let f(j) = -j**3 + 86*j**2 + 93*j - 532. What is f(87)?
-10
Let v(y) = 504*y - 7564. Calculate v(15).
-4
Let s(i) = -12*i**3 - 55*i**2 - 43*i + 40. Calculate s(-3).
-2
Let w(y) = 2*y**2 - y + 21. Give w(-8).
157
Let i(d) = 33*d - 568. Give i(16).
-40
Let g(x) = x**3 + 234*x**2 + 9726*x + 320. Calculate g(-54).
-4
Let j(o) = o**3 + 143*o**2 - 10*o - 1416. What is j(-143)?
14
Let h(c) = c**3 + 7*c**2 - 309*c + 206. What is h(14)?
-4
Let u(b) = -b**3 + 18*b**2 + 55*b - 25. Give u(20).
275
Let d(q) = 7*q**3 + 83*q**2 - 9*q + 26. What is d(-12)?
-10
Let v(n) = 277*n**2 + 7*n. What is v(-1)?
270
Let b(l) = -10*l**3 + 3*l**2 + 45*l + 4. What is b(-2)?
6
Let u(r) = -38*r**3 + 2*r**2 - 2*r - 1. Give u(1).
-39
Let b(x) = -x**3 - 45*x**2 - 65*x - 198. What is b(-44)?
726
Let x(y) = 3*y**2 - 101*y + 716. Calculate x(23).
-20
Let g(z) = -77*z**2 - 38*z - 38. Give g(-1).
-77
Let m(s) = 3*s**2 - 39*s + 2. Determine m(6).
-124
Let i(h) = -278*h - 1308. What is i(-5)?
82
Let w(x) = x**2 - 23*x + 77. Determine w(4).
1
Let l(b) = 7*b**2 - 6*b - 45. Give l(5).
100
Let q(o) = 706*o + 707. Give q(-1).
1
Let r(q) = -23*q**3 + q**2 - q + 9. Calculate r(-4).
1501
Let t(i) = 15*i**2 + 44*i - 40. Give t(-4).
24
Let m(g) = -g**2 - 56*g + 1293. What is m(-75)?
-132
Let c(q) = -19*q**2 + 3*q - 9. Calculate c(2).
-79
Let k(u) = u**3 + 58*u**2 + 213*u + 24. Determine k(-54).
186
Let u(o) = -12*o**2 - 99*o + 15. What is u(-8)?
39
Let t(n) = -n**2 + 45*n - 190. Determine t(10).
160
Let l(y) = -y**3 - 29*y**2 - 31*y - 49. Determine l(-28).
35
Let p(g) = 74*g - 356. What is p(4)?
-60
Let v(p) = -3*p**3 - p**2 + p + 11. Determine v(0).
11
Let o(k) = k**2 - 64*k + 84. What is o(63)?
21
Let o(l) = l**2 - 821*l + 5669. Give o(7).
-29
Let g(n) = n**2 + 19*n - 67. Determine g(-22).
-1
Let j(d) = -d**3 - 3*d**2 - 30*d - 145. Give j(-6).
143
Let d(u) = -42*u - 1387. Determine d(-35).
83
Let x(h) = 18*h**2 - 44*h + 9. Determine x(-4).
473
Let s(j) = 4*j**2 + 197*j + 279. Calculate s(-48).
39
Let y(v) = v**3 - 64*v**2 + 61*v + 141. Determine y(63).
15
Let d(w) = 39*w + 43. Give d(-4).
-113
Let d(a) = 3*a - 58. Determine d(8).
-34
Let i(j) = j**2 + 11*j + 37. Calculate i(0).
37
Let k(f) = 5*f**2 + 53*f + 23. What is k(-10)?
-7
Let b(r) = -2623*r + 18362. Determine b(7).
1
Let s(b) = -13*b**2 - 29*b + 67. What is s(-7)?
-367
Let c(z) = -41*z - 1399. Calculate c(-34).
-5
Let v(q) = -11*q - 189. Calculate v(-16).
-13
Let n(t) = -2*t**3 - 5*t**2 + 35*t - 57. Calculate n(4).
-125
Let h(k) = -3*k**3 - 316*k**2 - 104*k + 31. Give h(-105).
-74
Let k(f) = 427*f + 4621. Determine k(-11).
-76
Let x(y) = y**2 + 28*y - 280. What is x(-36)?
8
Let j(f) = f**3 + 14*f**2 - 56*f - 51. Give j(-17).
34
Let t(c) = c**2 - 32*c - 145. Determine t(-4).
-1
Let i(l) = -52*l + 282. Give i(-4).
490
Let x(s) = -s**2 + 3*s - 56. Give x(0).
-56
Let b(j) = j**3 + 30*j**2 + 226*j + 64. Give b(-13).
-1
Let z(m) = 127*m - 684. Give z(4).
-176
Let f(a) = -2*a**3 + 7*a**2 + 2*a + 22. Determine f(4).
14
Let b(n) = 3*n + 75. What is b(-7)?
54
Let x(i) = 82*i**2 - 5573*i - 204. Calculate x(68).
0
Let f(o) = 53*o - 1853. What is f(35)?
2
Let n(h) = h**3 + 2*h**2 - 21*h + 64. Determine n(3).
46
Let z(a) = -1299*a + 53248. Determine z(41).
-11
Let b(q) = -2263*q - 24899. Calculate b(-11).
-6
Let c(r) = -73*r + 639. Give c(9).
-18
Let v(o) = -10363*o - 5. Determine v(0).
-5
Let y(a) = 2*a**3 - 215*a**2 + 168*a - 6547. Give y(107).
-20
Let m(i) = 2*i**2 - 107*i + 1423. Give m(28).
-5
Let t(m) = -m**3 + 31*m**2 + 26*m - 59. What is t(32)?
-251
Let q(v) = -v**2 - 2*v + 34. Calculate q(11).
-109
Let i(u) = -14*u**2 - 2*u - 20. Give i(0).
-20
Let z(t) = -1838*t - 3680. What is z(-2)?
-4
Let g(h) = 2*h**2 + 3*h + 137. Calculate g(-8).
241
Let k(j) = j**3 + 13*j**2 + 9*j + 15. Calculate k(-8).
263
Let s(l) = 14*l**3 + 4*l**2 - 24*l + 42. Calculate s(2).
122
Let o(c) = -c**2 - 15*c - 44. Determine o(-13).
-18
Let q(d) = -42*d + 183. Determine q(4).
15
Let m(d) = d**2 - 46*d + 628. Determine m(25).
103
Let j(c) = 46*c - 553. Calculate j(12).
-1
Let u(m) = 37*m + 52. Calculate u(5).
237
Let n(r) = 2*r**3 + 110*r**2 - 109*r + 148. Determine n(-56).
-20
Let r(i) = -58*i - 260. What is r(-9)?
262
Let r(s) = -3*s**2 - 83*s - 570. Give r(-12).
-6
Let u(d) = -d**3 + 47*d**2 - 521*d + 5. Give u(29).
34
Let i(m) = m**3 - m**2 + 3*m + 11. What is i(-2)?
-7
Let l(v) = 1854*v - 5519. What is l(3)?
43
Let u(l) = l**3 + 8*l**2 + 12*l + 18. Determine u(-7).
-17
Let s(c) = c**3 + 46*c**2 + 479*c - 19. What is s(-16)?
-3
Let j(q) = -46*q + 787. What is j(17)?
5
Let q(j) = -43*j**2 + 1590*j - 31. Give q(37).
-68
Let a(k) = -k**3 + 9*k**2 - 3*k + 108. What is a(9)?
81
Let c(w) = -w**3 + 23*w**2 + 48*w - 14. Determine c(25).
-64
Let s(m) = m**2 + 229*m + 1313. Give s(-6).
-25
Let t(n) = n**2 - 258*n - 5271. Calculate t(-19).
-8
Let o(d) = -d**2 + 6*d + 1015. Calculate o(35).
0
Let y(t) = -64*t + 1210. What is y(19)?
-6
Let f(l) = -2*l - 192. Give f(-90).
-12
Let w(g) = 384*g + 1532. Determine w(-4).
-4
Let a(r) = 72*r + 934. Calculate a(-13).
-2
Let m(h) = 3*h**3 + 11*h**2 - 53*h + 10. Give m(5).
395
Let q(t) = -3*t**3 + 6*t**2 + 18*t - 86. Give q(4).
-110
Let c(b) = 19*b + 251. Determine c(-8).
99
Let r(s) = -66*s - 14. What is r(-3)?
184
Let o(w) = -w**2 + 90*w - 298. Calculate o(87).
-37
Let b(l) = -l**3 - 22*l**2 - 49*l - 5. Calculate b(-2).
13
Let c(y) = -y**3 + 42*y**2 - 5*y + 218. Give c(42).
8
Let a(o) = 3*o**2 + 32*o - 24. 